prime number?
False
Is 1276240403 prime?
False
Is 14951436583 prime?
False
Is 4799063017 a composite number?
True
Is 1820952293 a prime number?
False
Is 27539952239 composite?
False
Is 107887535519 a composite number?
False
Is 13868035247 a composite number?
True
Is 18445009879 prime?
False
Is 24055015247 composite?
False
Is 768338419 prime?
False
Is 1254867983 a prime number?
False
Is 154063159 a prime number?
True
Is 3167883097 prime?
True
Is 63646841317 a composite number?
False
Is 515957927 composite?
True
Is 575169169 a prime number?
True
Is 413011847 prime?
True
Is 235568341 prime?
False
Is 2928812123 composite?
True
Is 5087294647 a prime number?
False
Is 2291784563 composite?
False
Is 908845253 prime?
False
Is 19423660943 prime?
True
Is 7604105671 a prime number?
False
Is 950031127 a prime number?
True
Is 506610847 a composite number?
False
Is 56687009 a composite number?
False
Is 309904129 a composite number?
False
Is 330518087 a prime number?
True
Is 9127693249 composite?
True
Is 2795079853 a prime number?
False
Is 13616216309 a prime number?
True
Is 896807143 a prime number?
True
Is 1059700097 prime?
True
Is 26691977041 a composite number?
True
Is 36126709 prime?
True
Is 16917453289 prime?
False
Is 141397647337 a composite number?
False
Is 5273324599 a prime number?
True
Is 10266853057 composite?
False
Is 1557258721 prime?
False
Is 5408407883 a composite number?
True
Is 1961366207 composite?
False
Is 851414477 composite?
True
Is 13912162963 a composite number?
True
Is 111972001913 a prime number?
True
Is 69646683305 composite?
True
Is 122642440279 a composite number?
False
Is 844544917 a prime number?
True
Is 667679451 a composite number?
True
Is 23250998669 composite?
True
Is 6146765693 a composite number?
True
Is 1797150169 a composite number?
True
Is 350757443 prime?
True
Is 34649610859 prime?
True
Is 37888787 a composite number?
True
Is 2072806181 composite?
False
Is 4220995973 prime?
True
Is 2463562639 a prime number?
True
Is 12332084737 a prime number?
False
Is 13323745211 composite?
True
Is 745323443 composite?
False
Is 542844688105 composite?
True
Is 450397261 prime?
False
Is 5930875619 prime?
False
Is 4523425091 a composite number?
True
Is 392005589 a prime number?
True
Is 11739402305 composite?
True
Is 15903604811 prime?
False
Is 181966513 a prime number?
False
Is 89227301 a prime number?
True
Is 14005983479 a prime number?
True
Is 396831439 prime?
False
Is 2998238351 composite?
False
Is 22721413171 prime?
False
Is 557089567 a prime number?
True
Is 21996419981 prime?
True
Is 109885877931 a composite number?
True
Is 8861316439 composite?
True
Is 1778303543 a prime number?
False
Is 890231201 a prime number?
True
Is 18734693599 composite?
False
Is 5835668273 a prime number?
False
Is 17494453 composite?
True
Is 3691387291 prime?
True
Is 45871098313 prime?
False
Is 2926184681 prime?
False
Is 3420971003 a prime number?
True
Is 54709232029 a prime number?
True
Is 4964397379 composite?
False
Is 1019457017 a composite number?
False
Is 2735883247 a prime number?
True
Is 4214777451 composite?
True
Is 52820843461 a composite number?
True
Is 2607862793 composite?
False
Is 22652641751 composite?
False
Is 84206633741 a prime number?
True
Is 1655652443 a prime number?
True
Is 41746101131 a composite number?
True
Is 16809994403 a composite number?
False
Is 605665199 prime?
True
Is 8940127561 composite?
True
Is 1750882559 composite?
False
Is 1272994511 composite?
False
Is 51870042577 a prime number?
True
Is 1946591513 prime?
False
Is 3435299317 a prime number?
False
Is 460889311 a composite number?
False
Is 103229208703 prime?
False
Is 2315782333 a prime number?
True
Is 197698801 composite?
False
Is 12184483667 a prime number?
True
Is 4129242079 a prime number?
True
Is 878647013 composite?
False
Is 1887667673 a composite number?
False
Is 614776391 prime?
False
Is 3016645633 composite?
True
Is 26736365441 a composite number?
True
Is 2756259253 composite?
True
Is 7357800587 composite?
False
Is 40738993247 a prime number?
True
Is 1078410259 composite?
True
Is 70387017971 prime?
True
Is 158278243 composite?
True
Is 5797469 prime?
True
Is 7766009333 prime?
False
Is 9143166191 a prime number?
True
Is 155428099763 a composite number?
True
Is 61116221113 composite?
False
Is 1514603873 a composite number?
True
Is 47750152291 a composite number?
False
Is 188220031139 a composite number?
True
Is 683863753 a composite number?
False
Is 5076086699 prime?
True
Is 36407098231 composite?
True
Is 911974157 composite?
False
Is 29628403243 composite?
True
Is 57368037 prime?
False
Is 612884302 composite?
True
Is 13670389127 a prime number?
True
Is 101668283 a prime number?
True
Is 579886471 a composite number?
False
Is 16643260987 prime?
True
Is 1460550599 a composite number?
True
Is 313849399 composite?
False
Is 1123226471 a composite number?
False
Is 22335499489 a composite number?
False
Is 1062113491 prime?
False
Is 4666000679 prime?
True
Is 904387247 composite?
False
Is 8259981571 prime?
True
Is 2492798807 prime?
True
Is 2975712637 a composite number?
True
Is 951597037 composite?
False
Is 1536734039 a composite number?
False
Is 1812698 a prime number?
False
Is 2780192911 composite?
True
Is 6925878199 a composite number?
True
Is 7811923567 a prime number?
False
Is 10697171413 a composite number?
False
Is 3501300871 a prime number?
False
Is 9656106971 composite?
True
Is 76587763561 a composite number?
False
Is 147610157 a prime number?
False
Is 17328181501 a prime number?
True
Is 5837569 composite?
True
Is 5786525881 composite?
False
Is 3180299729 prime?
True
Is 108619163 composite?
True
Is 16562668327 composite?
True
Is 9599806663 composite?
True
Is 4471849559 a composite number?
False
Is 3071952023 composite?
True
Is 23268245647 a prime number?
False
Is 2751678649 prime?
True
Is 1409454629 a prime number?
False
Is 61651101241 composite?
False
Is 251163463 a prime number?
True
Is 21959360417 a prime number?
True
Is 2131473259 composite?
True
Is 942452089 a composite number?
False
Is 4325088899 prime?
False
Is 49899659141 composite?
True
Is 30422122373 a prime number?
True
Is 2451251707 a prime number?
False
Is 5906971057 a composite number?
True
Is 437104055 composite?
True
Is 50522454805 prime?
False
Is 634203421 a composite number?
True
Is 27843071 a composite number?
False
Is 264051181 prime?
True
Is 31986010097 composite?
False
Is 15511477831 prime?
True
Is 35198273819 a composite number?
False
Is 62205139 a prime number?
True
Is 195893546941 prime?
True
Is 146836337533 prime?
True
Is 55800433211 composite?
False
Is 2955958301 composite?
True
Is 103481491 a composite number?
False
Is 188634443 prime?
True
Is 12701843549 a composite number?
True
Is 68721948527 composite?
True
Is 740132461 composite?
True
Is 512904633 prime?
False
Is 75694334977 composite?
True
Is 1299484957 prime?
True
Is 6568113901 composite?
True
Is 27474943037 prime?
True
Is 14393952383 a composite number?
True
Is 410772773 a composite number?
False
Is 13947866447 composite?
False
Is 33364770661 a composite number?
False
Is 351247157 a composite number?
True
Is 3693201611 a composite number?
True
Is 12201277093 a composite number?
True
Is 21770507903 prime?
True
Is 17013565307 prime?
True
Is 5929850899 prime?
False
Is 929058391 composite?
False
Is 29152835401 prime?
False
Is 1009937113 a composite number?
False
Is 25246310797 prime?
True
Is 183730451 a prime number?
True
Is 23379616181 a composite number?
True
Is 20946171557 a composite number?
False
Is 3256114297 a prime number?
False
Is 3673769069 a prime number?
False
Is 312606067 composite?
True
Is 33456638563 a composite number?
False
Is 2149003687 a prime number?
True
Is 5635866711 a prime number?
False
Is 736494501 a prime number?
False
Is 1420516499 a composite number?
False
Is 179056381 composite?
True
Is 16240539829 a prime number?
True
Is 2856292631 a prime number?
True
Is 47752247 composite?
False
Is 12920979839 prime?
True
Is 2292992837 a composite number?
False
Is 833494477 prime?
False
Is 4928365963 composite?
True
Is 1308737498 composite?
True
Is 1300598179 a composite number?
False
Is 20277707477 a prime number?
True
Is 39602278979 a composite number?
False
Is 946724101 composite?
True
Is 362592367 composite?
False